mon divisor of w and 14.
14
Let y be (-24)/(-18)*(2 + 0 + 4). Suppose 5*p - 3 = 7. Suppose -3*b = -p*l + l - 63, -4*b = 2*l - 74. Calculate the greatest common divisor of y and b.
4
Let g = 1336 + -1132. What is the highest common factor of 60 and g?
12
Suppose -86*c = -82*c - 224. Calculate the highest common factor of 56 and c.
56
Let h be 61/2 - (-78)/52. What is the highest common divisor of 4 and h?
4
Suppose 79*u + 858 = 90*u. What is the highest common divisor of u and 858?
78
Suppose -212 = -10*m - 42. Suppose -2*y - 5*n = y - m, y - 2*n - 2 = 0. Suppose k = -3*k + 24. What is the greatest common divisor of y and k?
2
Let k = -130 + 395. What is the highest common divisor of k and 53?
53
Let s be (-3 - 7)*56/(-20). Calculate the greatest common factor of s and 77.
7
Suppose -x - 1 = -3*l, 3*x + 4 = -5*l + 29. Let k be 166 + -7 + 0/l. Let z = 223 - k. What is the highest common factor of z and 96?
32
Suppose -3*g - 55 = -64. Calculate the highest common factor of 15 and g.
3
Let o(k) = k**2 - 8*k - 15. Let d be o(-3). Calculate the highest common factor of d and 90.
18
Suppose 0 = 25*o - 29*o + 156. Calculate the highest common divisor of o and 546.
39
Let d(a) = -a**2 + 22*a + 1. Suppose -o = -5*z - 24, 3*o + 2*z - 7*z - 62 = 0. Let y be d(o). Calculate the highest common factor of y and 87.
29
Suppose 2*z - 45 = 3*z. Let w be 3*(-4)/12 - z. Suppose 2*m - 39 = -4*c + 5*c, -2*m + w = 4*c. What is the highest common divisor of 5 and m?
5
Let z = 46 - 49. Let a be z - (-84)/9*3. What is the greatest common factor of a and 100?
25
Let a be (6/8)/((-1576)/320 - -5). What is the greatest common factor of 110 and a?
10
Let g(p) = p**3 + 12*p**2 - 5. Suppose -3*y - 16 = -1. Let u be g(y). Calculate the highest common factor of u and 17.
17
Let u be (-4)/34 + 114466/187. What is the highest common divisor of 17 and u?
17
Let b be 831/3 + -12 + 8. Calculate the highest common divisor of b and 35.
7
Let v = 119 + 118. Suppose 4*a - 163 = -3*l, 0 = -5*l - a + 3*a + v. Let n = -15 + 22. Calculate the highest common factor of l and n.
7
Let w = -182 - -278. Suppose -3*n + 45 = 7*u - 2*u, -25 = 5*n. What is the greatest common factor of u and w?
12
Let a(g) = -g**3 + 26*g**2 - 48*g + 59. Let z be a(24). Calculate the greatest common factor of 354 and z.
59
Let s = 43 + -83. Let g = s + 46. Calculate the greatest common divisor of 6 and g.
6
Let x(o) = 46*o**2 - 42*o**2 + 6*o - 3*o. Let y be x(7). Let z be 0 + 1*-31*-1. Calculate the greatest common factor of z and y.
31
Let m = 5 - -3. Suppose 4 = 3*d - 11. Let u be (2/d)/((-1505)/(-300) - 5). Calculate the greatest common divisor of u and m.
8
Suppose -14*y + 864 = -2*y. Suppose 7*k - 2*k - 30 = 0. Calculate the highest common factor of k and y.
6
Let r be ((-812)/5)/(10 - (-260)/(-25)). What is the highest common factor of r and 14?
14
Suppose -4*o - 16 = 0, -4*v + 2*o - 675 = -219. Let j = 188 + v. What is the greatest common factor of 9 and j?
9
Let k(l) = -l**3 + 16*l + 13. Let f be k(4). Calculate the highest common divisor of 2041 and f.
13
Let z(f) = 27*f**3 + 2*f**2 - 3*f + 2. Let b be z(1). Suppose -3*x = -0*x + 51. Let c = 25 - x. What is the greatest common divisor of b and c?
14
Let i = 47 - -57. Let p(y) = 14*y**2 + 4*y + 3. Let v be p(-1). Calculate the highest common factor of v and i.
13
Let f = -43 + 68. Suppose -22 = -3*q - 2*a, 0*q - a + f = 5*q. Suppose 2*c - q*k + 14 = 48, 3*k = -c + 22. Calculate the greatest common factor of 19 and c.
19
Suppose -43 = 3*m - 295. What is the greatest common factor of m and 324?
12
Let b = -109 + 139. Calculate the highest common divisor of 18 and b.
6
Suppose 2*z = 5*h + 18 + 16, -5*z + 116 = 3*h. Let d be (6/2 - 12)*(-77)/21. What is the greatest common divisor of d and z?
11
Let w(p) = -p**2 + 13*p - 27. Let j be w(7). Let t = 14 - 14. Suppose t = 3*h - 0*h - j. Calculate the highest common factor of 5 and h.
5
Suppose 0 = 3*n + 3*x - 144, -2*n + 5*x + 41 = -69. Suppose 9*z = 63 + 162. Calculate the highest common divisor of z and n.
25
Let j be (-17 + 4)/(4 - 210/52). Calculate the greatest common factor of 26 and j.
26
Let c(k) = -k**3 - 21*k**2 - 24*k - 48. Let a be c(-20). What is the greatest common divisor of a and 352?
32
Let y = 41 - -93. Let s = 12 + -10. Suppose s*a = -4*k + y, -211 = -2*a - 2*k - 67. Calculate the highest common divisor of 11 and a.
11
Suppose 4*w + 3*n = 971, 7*n - 5*n - 484 = -2*w. Calculate the highest common factor of w and 98.
49
Let i(f) = 7*f + 49. Let v = -47 + 59. Let r be i(v). What is the highest common factor of r and 19?
19
Let c = -636 - -789. Calculate the greatest common divisor of 204 and c.
51
Let h = 38 + -37. Let q(t) = t**3 - 9*t**2 + t - 6. Let n be q(9). Suppose n*s = 0, -5*s + 1 = d - 6. What is the greatest common divisor of h and d?
1
Let f be 12*(-6)/4*-4. Let l(v) = -v**2 - v. Let b be l(0). Suppose b = -10*x + 9*x + 8. Calculate the greatest common factor of f and x.
8
Suppose 25*r - 2088 = -3*b + 28*r, -3*r = -5*b + 3482. Calculate the highest common factor of b and 17.
17
Let f = 556 + -550. What is the highest common factor of f and 27?
3
Suppose 0 = 5*u - 2*y - 2804, -282*u + 2234 = -278*u + 3*y. Calculate the highest common divisor of u and 80.
80
Let q = -85 - -145. What is the highest common divisor of q and 48?
12
Let m be (-32)/(-2) + (-5 - -3) + 3. Let b be 20/2 + 1/(-1). Suppose b*h - 680 = 4*h. Calculate the highest common divisor of h and m.
17
Let p(l) = 4*l - 5*l + l**3 + 4*l - 3*l**2 + l. Let d be p(2). Calculate the highest common divisor of d and 32.
4
Let c be (3*4)/2 + 2 + -2. Suppose -3*o + 2*a - c*a = -1, 5*o = -4*a + 7. What is the highest common factor of o and 9?
3
Let w = -940 - -1314. Calculate the greatest common factor of w and 68.
34
Suppose 25*p = 27*p + 26. Let t(s) = -32*s - 24. Let d be t(p). Calculate the greatest common divisor of 49 and d.
49
Let i = 26 - -1. Let m be -1*i/3*-3. Calculate the greatest common factor of m and 108.
27
Let c(n) = -2*n. Let u be c(-7). Let b be -44 + (5 - (2 + 1)). Let f = b - -63. What is the highest common divisor of u and f?
7
Let f be (1/(-4))/(6/(-168)). Suppose 12*v - 50 = f*v. What is the greatest common divisor of v and 90?
10
Let z be 15/(-4)*-6*4. Let a be (2 - (45/(-10))/(-1))*-8. Calculate the greatest common factor of z and a.
10
Let y = 242 - 147. What is the highest common divisor of y and 19?
19
Let b(p) = 51*p + 156. Let n be b(0). What is the highest common factor of 234 and n?
78
Let n = 52 + 60. Calculate the greatest common factor of 1792 and n.
112
Let n(t) = -217*t**2 - 2*t + 114*t**2 - 2*t + 3 + 107*t**2. Let d be n(2). Let v be 618/7 + (-2)/7. Calculate the highest common factor of d and v.
11
Suppose 0*u - 3*u + 9 = 0. Suppose -u*r = r - 24. Let w = 111 - 57. What is the greatest common factor of r and w?
6
Let x(o) = o - 1. Let s be x(11). Let b(z) = -5*z - 10. Let f be b(-7). What is the greatest common divisor of f and s?
5
Let k = -29 + 35. Suppose k*s - 24 - 18 = 0. Calculate the highest common factor of 56 and s.
7
Let u(r) = 3*r**2 + 10*r + 19. Let o be u(-7). Let n(d) = 2*d - 8. Let l be n(10). Calculate the highest common factor of o and l.
12
Let f = 88 - 8. Let y(m) = -2*m**3 - 6*m**2 + 2*m + 8. Let g be y(-4). What is the greatest common factor of f and g?
16
Suppose -3*n + 1 = -3*q - 2, -4*q - 4*n = -20. Suppose -4*p + 82 = -2*z, 2*z + 31 = 2*p + 3*z. Calculate the greatest common factor of q and p.
2
Let t(b) = 6*b - 16. Suppose 21 = -5*k + 8*k. Let c be t(k). What is the highest common divisor of c and 78?
26
Let c be 3/((-22)/(-40) - 2/(-10)). Let y be (-5)/((-15)/(-6))*-2. What is the greatest common divisor of y and c?
4
Let y(l) = -7*l + 1. Let i be y(1). Let n be (-2)/4 + (-363)/i. Let o(b) = 187*b - 2793. Let k be o(15). What is the highest common factor of k and n?
12
Let h(d) = -d**2 + 25*d - 7. Suppose -10*b + 14 = -9*b. Let k be h(b). Calculate the highest common divisor of 21 and k.
21
Let l = -540 - -630. What is the highest common divisor of 40 and l?
10
Let w = 3 + 2. Let n be (-55)/((-3)/((-7)/7) + -4). What is the highest common factor of n and w?
5
Let d be ((-11)/2)/(10/(-1700)). What is the greatest common factor of 55 and d?
55
Let j(w) = 31*w + 291. Let d 